3540?
False
Is 87 a factor of 64180596?
True
Is 73792693 a multiple of 1703?
True
Does 655 divide 1321829338?
False
Is 276832387 a multiple of 320?
False
Is 70 a factor of 19845033?
False
Is 3 a factor of 29634749?
False
Is 9425 a factor of 3039795501?
False
Is 89825524 a multiple of 267?
False
Is 5141134650 a multiple of 25?
True
Does 3303 divide 489786945?
False
Does 416 divide 1389389800?
False
Does 962 divide 299074256?
True
Is 75 a factor of 38311200?
True
Is 5 a factor of 90673749?
False
Is 1073 a factor of 37141851?
False
Does 487 divide 168114488?
False
Does 2 divide 55035194?
True
Is 531 a factor of 25242538?
False
Does 1451 divide 31599878?
True
Is 13 a factor of 13543478?
True
Does 61 divide 211970155?
False
Does 575 divide 67468631?
False
Is 129 a factor of 5334279?
True
Is 29079127 a multiple of 109?
False
Is 474233877 a multiple of 476?
False
Is 798356 a multiple of 12?
False
Is 202607412 a multiple of 88?
False
Does 9 divide 138703617?
True
Is 466590222 a multiple of 174?
True
Is 7 a factor of 10717860?
False
Is 13910700 a multiple of 20?
True
Is 308496825 a multiple of 57?
True
Is 375143733 a multiple of 4579?
True
Is 7 a factor of 1092624?
False
Is 316179194 a multiple of 5564?
False
Is 20 a factor of 263164262?
False
Does 17 divide 2236996?
True
Is 2053049247 a multiple of 4?
False
Is 3991 a factor of 81816299?
False
Does 5 divide 160251360?
True
Does 32 divide 159132313?
False
Is 16395890 a multiple of 70?
True
Is 232193200 a multiple of 10?
True
Is 947031905 a multiple of 47?
True
Does 37 divide 7107848?
True
Is 16456489 a multiple of 108?
False
Does 13 divide 159998033?
True
Is 37106240 a multiple of 209?
False
Does 133 divide 26496094?
False
Is 158487892 a multiple of 26?
False
Does 29 divide 97445524?
False
Is 109078110 a multiple of 27?
True
Is 28436010 a multiple of 10?
True
Is 178 a factor of 213286898?
True
Is 900517554 a multiple of 50?
False
Does 3119 divide 1600181117?
True
Is 55830192 a multiple of 66?
True
Does 967 divide 68266963?
False
Is 9 a factor of 464326245?
True
Does 20 divide 385867510?
False
Is 3341514648 a multiple of 3747?
True
Does 12 divide 9884328?
True
Is 332 a factor of 404309932?
True
Does 38 divide 109389300?
False
Is 1468 a factor of 2042364404?
False
Does 142 divide 79181472?
True
Is 641390557 a multiple of 477?
False
Is 75369246 a multiple of 177?
False
Is 1396952837 a multiple of 20?
False
Does 1413 divide 86077134?
True
Does 17 divide 671566062?
True
Is 44 a factor of 18134392?
False
Is 2 a factor of 52306218?
True
Does 23 divide 19786348?
True
Is 13 a factor of 96113089?
False
Does 12 divide 95323680?
True
Does 59 divide 561478255?
False
Does 8 divide 1540587453?
False
Is 73 a factor of 98203980?
True
Does 35 divide 233478560?
True
Does 52 divide 224428850?
False
Does 901 divide 4933443520?
True
Is 50 a factor of 96392582?
False
Is 3508819579 a multiple of 8579?
True
Is 134 a factor of 881058978?
True
Does 213 divide 44767818?
False
Does 1846 divide 76237954?
True
Does 100 divide 2967100?
True
Is 2014 a factor of 1893999838?
True
Does 73 divide 1062880?
True
Is 2119224888 a multiple of 5016?
True
Does 17 divide 2312229815?
False
Is 2049 a factor of 323471532?
True
Does 3943 divide 1367523089?
True
Is 12 a factor of 52245922?
False
Does 588 divide 84203952?
True
Is 91 a factor of 1714284846?
False
Does 876 divide 43531987?
False
Does 845 divide 71542152?
False
Is 16 a factor of 12763584?
True
Is 4 a factor of 118000412?
True
Does 263 divide 37019091?
True
Is 149415570 a multiple of 454?
False
Is 1080 a factor of 911819160?
True
Is 110402311 a multiple of 397?
False
Is 1311 a factor of 1904223828?
False
Is 4292559 a multiple of 37?
False
Is 110249337 a multiple of 355?
False
Is 707341061 a multiple of 2571?
False
Does 7 divide 594996836?
True
Does 11 divide 499186353?
False
Is 29830407 a multiple of 773?
False
Does 5 divide 144200482?
False
Is 96356204 a multiple of 413?
True
Is 45 a factor of 1978462440?
True
Is 59 a factor of 25310587?
True
Does 39 divide 30381463?
False
Is 1400 a factor of 2119685232?
False
Does 11 divide 60073242?
False
Is 496 a factor of 3780914295?
False
Does 296 divide 302548809?
False
Is 33083180 a multiple of 19?
True
Does 12 divide 291318540?
True
Is 53 a factor of 1794033126?
False
Is 1443348270 a multiple of 130?
True
Does 20 divide 68964580?
True
Is 187949168 a multiple of 5?
False
Is 265 a factor of 2575780390?
True
Is 1200168177 a multiple of 13?
True
Is 2703966768 a multiple of 8?
True
Does 713 divide 57235271?
False
Is 494564501 a multiple of 109?
True
Does 7 divide 815401734?
True
Is 1727 a factor of 61615906?
True
Does 8 divide 56415067?
False
Is 972758472 a multiple of 28?
True
Does 2060 divide 23945440?
True
Does 4463 divide 7805787?
True
Is 42 a factor of 2907715640?
False
Is 16 a factor of 6606404?
False
Does 13 divide 28797496?
True
Is 25 a factor of 719344200?
True
Is 219988080 a multiple of 247?
True
Is 1608252897 a multiple of 69?
True
Is 45125568 a multiple of 2826?
True
Is 51 a factor of 116220738?
True
Is 75113640 a multiple of 180?
True
Does 636 divide 307067796?
True
Is 505 a factor of 58191729?
False
Is 35746547 a multiple of 41?
True
Is 1594 a factor of 314588135?
False
Is 2250823168 a multiple of 3712?
True
Is 8105524 a multiple of 337?
True
Does 32 divide 50546144?
True
Is 72 a factor of 2981395944?
True
Is 371125430 a multiple of 131?
False
Is 17 a factor of 98897777?
False
Is 2832 a factor of 1754323589?
False
Is 60481022 a multiple of 1070?
False
Is 3983 a factor of 1276119873?
False
Is 12873 a multiple of 2?
False
Does 868 divide 22551508?
True
Is 17 a factor of 806654981?
True
Does 24 divide 2963237976?
True
Is 153 a factor of 7522216?
False
Is 1862521 even?
False
Is 77 a factor of 47851418?
False
Is 2499 a factor of 116595843?
True
Is 1348 a factor of 715542664?
True
Does 3 divide 31864135?
False
Is 6758 a factor of 3835556964?
True
Is 7361136 a multiple of 2108?
True
Does 31 divide 31271777?
True
Does 509 divide 232898040?
True
Does 168 divide 74524051?
False
Is 5 a factor of 2794605282?
False
Does 174 divide 218736674?
False
Is 2377922404 a multiple of 4412?
True
Is 59571164 a multiple of 54?
False
Is 34383030 a multiple of 66?
True
Is 163803770 a multiple of 65?
True
Does 22 divide 1705243?
False
Is 453586848 a multiple of 608?
True
Is 1001 a factor of 16523507?
True
Is 138 a factor of 293173272?
True
Does 6 divide 1391438004?
True
Is 49074140 a multiple of 25?
False
Does 8 divide 17257658?
False
Is 167 a factor of 974109664?
True
Does 590 divide 76141270?
True
Is 963971312 a multiple of 6?
False
Is 987 a factor of 30805903?
False
Is 27 a factor of 3499186824?
True
Is 2375615616 a multiple of 264?
True
Is 147 a factor of 282539959?
False
Does 390 divide 374203796?
False
Is 13733508 a multiple of 622?
False
Is 303 a factor of 137361668?
False
Is 31649255 a multiple of 201?
False
Is 76849704 a multiple of 156?
False
Is 20899527 a multiple of 2340?
False
Is 21779116 a multiple of 52?
False
Is 11 a factor of 3703733308?
True
Is 564 a factor of 544772140?
False
Is 3254459670 a multiple of 341?
True
Does 121 divide 288222?
True
Does 35 divide 20589135?
True
Is 11 a factor of 13363261?
False
Does 1675 divide 2392730517?
False
Is 7114304 a multiple of 32?
True
Is 27797580 a multiple of 4?
True
Is 1261 a factor of 3991548286?
False
Is 20193775 a multiple of 175?
True
Does 33 divide 350366709?
True
Does 635 divide 16929735?
True
Is 94 a factor of 74555385?
False
Is 2638876751 a multiple of 34?
False
Does 102 divide 378107166?
True
Is 140373605 a multiple of 27?
False
Is 10 a factor of 120512251?
False
Is 321 a factor of 48453237?
False
Is 170 a factor of 22213560?
True
Is 357 a factor of 98804391?
True
Is 93164880 a multiple of 75?
False
Does 316 divide 235646508?
False
Is 3 a factor of 16981312?
False
Is 6133 a factor of 623986083?
False
Is 24 a factor of 11191372?
False
Does 7154 divide 24745686?
True
Is 6 a factor of 1092506670?
True
Is 419 a factor of 11333728?
False
Is 39461381 a multiple of 14?
False
Does 13 divide 6228107769?
True
Is 50 a factor of 9986400?
True
Does 326 divide 24153340?
True
Is 161 a factor of 65441824?
False
Does 7 divide 797162962?
False
Is 748 a factor of 35109624?
True
Is 116 a factor of 68160310?
False
I